{"version":"1.0","provider_name":"Interreg Sudoe","provider_url":"https:\/\/staging.interreg.eurocastaliahost4.com\/fr\/","author_name":"Georgina Faura Mu\u00f1oz","author_url":"https:\/\/staging.interreg.eurocastaliahost4.com\/fr\/author\/georginafaura\/","title":"3r Foro SUPERFICIES - Durabilit\u00e9 et Suivi en Ing\u00e9nierie des Surfaces (\u00c9v\u00e9nement >90\u202f% en espagnol) - Interreg Sudoe","type":"rich","width":600,"height":338,"html":"<blockquote class=\"wp-embedded-content\" data-secret=\"6DS5GRr7AR\"><a href=\"https:\/\/staging.interreg.eurocastaliahost4.com\/fr\/evento-proyecto\/3rforosuperficies\/\">3r Foro SUPERFICIES &#8211; Durabilit\u00e9 et Suivi en Ing\u00e9nierie des Surfaces (\u00c9v\u00e9nement >90\u202f% en espagnol)<\/a><\/blockquote><iframe sandbox=\"allow-scripts\" security=\"restricted\" src=\"https:\/\/staging.interreg.eurocastaliahost4.com\/fr\/evento-proyecto\/3rforosuperficies\/embed\/#?secret=6DS5GRr7AR\" width=\"600\" height=\"338\" title=\"\u00ab\u00a03r Foro SUPERFICIES &#8211; Durabilit\u00e9 et Suivi en Ing\u00e9nierie des Surfaces (\u00c9v\u00e9nement &gt;90\u202f% en espagnol)\u00a0\u00bb &#8212; Interreg Sudoe\" data-secret=\"6DS5GRr7AR\" frameborder=\"0\" marginwidth=\"0\" marginheight=\"0\" scrolling=\"no\" class=\"wp-embedded-content\"><\/iframe><script>\n\/*! This file is auto-generated *\/\n!function(d,l){\"use strict\";l.querySelector&&d.addEventListener&&\"undefined\"!=typeof URL&&(d.wp=d.wp||{},d.wp.receiveEmbedMessage||(d.wp.receiveEmbedMessage=function(e){var t=e.data;if((t||t.secret||t.message||t.value)&&!\/[^a-zA-Z0-9]\/.test(t.secret)){for(var s,r,n,a=l.querySelectorAll('iframe[data-secret=\"'+t.secret+'\"]'),o=l.querySelectorAll('blockquote[data-secret=\"'+t.secret+'\"]'),c=new RegExp(\"^https?:$\",\"i\"),i=0;i<o.length;i++)o[i].style.display=\"none\";for(i=0;i<a.length;i++)s=a[i],e.source===s.contentWindow&&(s.removeAttribute(\"style\"),\"height\"===t.message?(1e3<(r=parseInt(t.value,10))?r=1e3:~~r<200&&(r=200),s.height=r):\"link\"===t.message&&(r=new URL(s.getAttribute(\"src\")),n=new URL(t.value),c.test(n.protocol))&&n.host===r.host&&l.activeElement===s&&(d.top.location.href=t.value))}},d.addEventListener(\"message\",d.wp.receiveEmbedMessage,!1),l.addEventListener(\"DOMContentLoaded\",function(){for(var e,t,s=l.querySelectorAll(\"iframe.wp-embedded-content\"),r=0;r<s.length;r++)(t=(e=s[r]).getAttribute(\"data-secret\"))||(t=Math.random().toString(36).substring(2,12),e.src+=\"#?secret=\"+t,e.setAttribute(\"data-secret\",t)),e.contentWindow.postMessage({message:\"ready\",secret:t},\"*\")},!1)))}(window,document);\n\/\/# sourceURL=https:\/\/staging.interreg.eurocastaliahost4.com\/wp-includes\/js\/wp-embed.min.js\n<\/script>\n","description":"Le 3\u1d49 Forum des Surfaces (28 mai \u00e0 Saint-S\u00e9bastien, Guip\u00fazcoa) se pr\u00e9sente comme une journ\u00e9e consacr\u00e9e \u00e0 la Durabilit\u00e9 et au Suivi dans le domaine de l\u2019Ing\u00e9nierie des Surfaces, dans la continuit\u00e9 des pr\u00e9c\u00e9dentes rencontres organis\u00e9es \u00e0 Burgos. L\u2019\u00e9v\u00e9nement sera coorganis\u00e9 par\u00a0CIDETEC Surface Engineering\u00a0(coordinateur du projet RESINSURF),\u00a0AIAS\u00a0(entit\u00e9 associ\u00e9e), et\u00a0CTME\u00a0(centre technologique collaborateur externe). Au cours de [&hellip;]","thumbnail_url":"https:\/\/staging.interreg.eurocastaliahost4.com\/wp-content\/uploads\/2024\/03\/download.png","thumbnail_width":344,"thumbnail_height":147}

Georgina Faura Muñoz

3r Foro SUPERFICIES - Durabilité et Suivi en Ingénierie des Surfaces (Événement >90 % en espagnol) - Interreg Sudoe

<blockquote class="wp-embedded-content" data-secret="6DS5GRr7AR"><a href="https://staging.interreg.eurocastaliahost4.com/fr/evento-proyecto/3rforosuperficies/">3r Foro SUPERFICIES &#8211; Durabilité et Suivi en Ingénierie des Surfaces (Événement >90 % en espagnol)</a></blockquote><iframe sandbox="allow-scripts" security="restricted" src="https://staging.interreg.eurocastaliahost4.com/fr/evento-proyecto/3rforosuperficies/embed/#?secret=6DS5GRr7AR" width="600" height="338" title="« 3r Foro SUPERFICIES &#8211; Durabilité et Suivi en Ingénierie des Surfaces (Événement &gt;90 % en espagnol) » &#8212; Interreg Sudoe" data-secret="6DS5GRr7AR" frameborder="0" marginwidth="0" marginheight="0" scrolling="no" class="wp-embedded-content"></iframe><script>
/*! This file is auto-generated */
!function(d,l){"use strict";l.querySelector&&d.addEventListener&&"undefined"!=typeof URL&&(d.wp=d.wp||{},d.wp.receiveEmbedMessage||(d.wp.receiveEmbedMessage=function(e){var t=e.data;if((t||t.secret||t.message||t.value)&&!/[^a-zA-Z0-9]/.test(t.secret)){for(var s,r,n,a=l.querySelectorAll('iframe[data-secret="'+t.secret+'"]'),o=l.querySelectorAll('blockquote[data-secret="'+t.secret+'"]'),c=new RegExp("^https?:$","i"),i=0;i<o.length;i++)o[i].style.display="none";for(i=0;i<a.length;i++)s=a[i],e.source===s.contentWindow&&(s.removeAttribute("style"),"height"===t.message?(1e3<(r=parseInt(t.value,10))?r=1e3:~~r<200&&(r=200),s.height=r):"link"===t.message&&(r=new URL(s.getAttribute("src")),n=new URL(t.value),c.test(n.protocol))&&n.host===r.host&&l.activeElement===s&&(d.top.location.href=t.value))}},d.addEventListener("message",d.wp.receiveEmbedMessage,!1),l.addEventListener("DOMContentLoaded",function(){for(var e,t,s=l.querySelectorAll("iframe.wp-embedded-content"),r=0;r<s.length;r++)(t=(e=s[r]).getAttribute("data-secret"))||(t=Math.random().toString(36).substring(2,12),e.src+="#?secret="+t,e.setAttribute("data-secret",t)),e.contentWindow.postMessage({message:"ready",secret:t},"*")},!1)))}(window,document);
//# sourceURL=https://staging.interreg.eurocastaliahost4.com/wp-includes/js/wp-embed.min.js
</script>

Le 3ᵉ Forum des Surfaces (28 mai à Saint-Sébastien, Guipúzcoa) se présente comme une journée consacrée à la Durabilité et au Suivi dans le domaine de l’Ingénierie des Surfaces, dans la continuité des précédentes rencontres organisées à Burgos. L’événement sera coorganisé par CIDETEC Surface Engineering (coordinateur du projet RESINSURF), AIAS (entité associée), et CTME (centre technologique collaborateur externe). Au cours de [&hellip;]
